factors of 2458?
2, 1229
List the prime factors of 10296.
2, 3, 11, 13
What are the prime factors of 15940?
2, 5, 797
List the prime factors of 1064.
2, 7, 19
List the prime factors of 5316.
2, 3, 443
What are the prime factors of 9292?
2, 23, 101
What are the prime factors of 18008?
2, 2251
What are the prime factors of 15125?
5, 11
List the prime factors of 9338.
2, 7, 23, 29
List the prime factors of 857.
857
List the prime factors of 9525.
3, 5, 127
List the prime factors of 30816.
2, 3, 107
List the prime factors of 23133.
3, 11, 701
List the prime factors of 1850.
2, 5, 37
What are the prime factors of 1381?
1381
List the prime factors of 569.
569
List the prime factors of 5463.
3, 607
List the prime factors of 21272.
2, 2659
List the prime factors of 648.
2, 3
What are the prime factors of 53409?
3, 19, 937
List the prime factors of 24898.
2, 59, 211
What are the prime factors of 725?
5, 29
What are the prime factors of 1219?
23, 53
List the prime factors of 8268.
2, 3, 13, 53
List the prime factors of 3551.
53, 67
What are the prime factors of 690?
2, 3, 5, 23
List the prime factors of 247.
13, 19
What are the prime factors of 2556?
2, 3, 71
List the prime factors of 2857.
2857
What are the prime factors of 563?
563
List the prime factors of 5537.
7, 113
List the prime factors of 143503.
143503
List the prime factors of 2763.
3, 307
What are the prime factors of 2203?
2203
List the prime factors of 2869.
19, 151
What are the prime factors of 7370?
2, 5, 11, 67
What are the prime factors of 521?
521
What are the prime factors of 52359?
3, 31, 563
What are the prime factors of 4851?
3, 7, 11
What are the prime factors of 10078?
2, 5039
List the prime factors of 4282.
2, 2141
List the prime factors of 1251.
3, 139
What are the prime factors of 319?
11, 29
What are the prime factors of 812?
2, 7, 29
What are the prime factors of 2977?
13, 229
List the prime factors of 36875.
5, 59
What are the prime factors of 1292?
2, 17, 19
List the prime factors of 189324.
2, 3, 1753
What are the prime factors of 292?
2, 73
What are the prime factors of 84548?
2, 23, 919
List the prime factors of 49911.
3, 127, 131
What are the prime factors of 895?
5, 179
List the prime factors of 706.
2, 353
What are the prime factors of 12301?
12301
What are the prime factors of 1070?
2, 5, 107
What are the prime factors of 127793?
47, 2719
List the prime factors of 1394.
2, 17, 41
What are the prime factors of 71800?
2, 5, 359
List the prime factors of 158.
2, 79
What are the prime factors of 11910?
2, 3, 5, 397
List the prime factors of 7156.
2, 1789
What are the prime factors of 124703?
124703
What are the prime factors of 1078?
2, 7, 11
What are the prime factors of 28802?
2, 14401
What are the prime factors of 19419?
3, 6473
What are the prime factors of 11057?
11057
What are the prime factors of 9299?
17, 547
What are the prime factors of 4848?
2, 3, 101
What are the prime factors of 23111?
11, 191
List the prime factors of 103640.
2, 5, 2591
List the prime factors of 14713.
14713
What are the prime factors of 1952?
2, 61
List the prime factors of 1615.
5, 17, 19
What are the prime factors of 922?
2, 461
List the prime factors of 852.
2, 3, 71
List the prime factors of 80187.
3, 26729
List the prime factors of 5168.
2, 17, 19
What are the prime factors of 502?
2, 251
List the prime factors of 23541.
3, 7, 19, 59
List the prime factors of 115.
5, 23
List the prime factors of 122677.
67, 1831
List the prime factors of 7513.
11, 683
What are the prime factors of 42?
2, 3, 7
List the prime factors of 14139.
3, 1571
List the prime factors of 9118.
2, 47, 97
List the prime factors of 20783.
7, 2969
List the prime factors of 30957.
3, 17, 607
What are the prime factors of 18390?
2, 3, 5, 613
What are the prime factors of 28417?
157, 181
List the prime factors of 5461.
43, 127
List the prime factors of 11438.
2, 7, 19, 43
What are the prime factors of 29786?
2, 53, 281
List the prime factors of 506.
2, 11, 23
List the prime factors of 145.
5, 29
List the prime factors of 13122.
2, 3
List the prime factors of 89158.
2, 44579
List the prime factors of 1989.
3, 13, 17
What are the prime factors of 30866?
2, 11, 23, 61
What are the prime factors of 10969?
7, 1567
What are the prime factors of 5851?
5851
What are the prime factors of 14342?
2, 71, 101
What are the prime factors of 5091?
3, 1697
What are the prime factors of 53051?
53051
List the prime factors of 307.
307
List the prime factors of 2764.
2, 691
List the prime factors of 22213.
97, 229
List the prime factors of 19011.
3, 6337
What are the prime factors of 1915?
5, 383
List the prime factors of 2842.
2, 7, 29
List the prime factors of 4.
2
What are the prime factors of 688?
2, 43
What are the prime factors of 93012?
2, 3, 23, 337
What are the prime factors of 379?
379
List the prime factors of 7180.
2, 5, 359
List the prime factors of 6954.
2, 3, 19, 61
List the prime factors of 4704.
2, 3, 7
What are the prime factors of 5264?
2, 7, 47
List the prime factors of 96028.
2, 24007
List the prime factors of 54696.
2, 3, 43, 53
List the prime factors of 298.
2, 149
What are the prime factors of 16560?
2, 3, 5, 23
What are the prime factors of 11092?
2, 47, 59
List the prime factors of 74779.
74779
List the prime factors of 4836.
2, 3, 13, 31
What are the prime factors of 922?
2, 461
List the prime factors of 3170.
2, 5, 317
What are the prime factors of 13476?
2, 3, 1123
List the prime factors of 851.
23, 37
List the prime factors of 12218.
2, 41, 149
What are the prime factors of 28319?
28319
What are the prime factors of 6877?
13, 23
List the prime factors of 251.
251
List the prime factors of 60216.
2, 3, 13, 193
What are the prime factors of 13854?
2, 3, 2309
List the prime factors of 3275.
5, 131
What are the prime factors of 8386?
2, 7, 599
What are the prime factors of 2664?
2, 3, 37
List the prime factors of 10869.
3, 3623
What are the prime factors of 63071?
59, 1069
What are the prime factors of 138935?
5, 37, 751
List the prime factors of 120368.
2, 7523
List the prime factors of 466.
2, 233
List the prime factors of 12734.
2, 6367
What are the prime factors of 6847?
41, 167
List the prime factors of 59735.
5, 13, 919
List the prime factors of 2389.
2389
What are the prime factors of 2021?
43, 47
List the prime factors of 23219.
7, 31, 107
What are the prime factors of 564?
2, 3, 47
List the prime factors of 1770.
2, 3, 5, 59
List the prime factors of 46946.
2, 23473
List the prime factors of 1985.
5, 397
What are the prime factors of 511?
7, 73
What are the prime factors of 36779?
36779
List the prime factors of 32994.
2, 3, 13, 47
What are the prime factors of 632?
2, 79
List the prime factors of 145212.
2, 3, 12101
What are the prime factors of 939?
3, 313
What are the prime factors of 9981?
3, 1109
What are the prime factors of 34915?
5, 6983
List the prime factors of 852.
2, 3, 71
List the prime factors of 11592.
2, 3, 7, 23
List the prime factors of 2346.
2, 3, 17, 23
List the prime factors of 55.
5, 11
What are the prime factors of 539?
7, 11
List the prime factors of 30492.
2, 3, 7, 11
What are the prime factors of 5750?
2, 5, 23
What are the prime factors of 107?
107
List the prime factors of 6495.
3, 5, 433
List the prime factors of 15012.
2, 3, 139
What are the prime factors of 403?
13, 31
List the prime factors of 10330.
2, 5, 1033
List the prime factors of 1949.
1949
List the prime factors of 79805.
5, 11, 1451
What are the prime factors of 1239?
3, 7, 59
What are the prime factors of 341?
11, 31
What are the prime factors of 8546?
2, 4273
What are the prime factors of 5375?
5, 43
What are the prime factors of 84155?
5, 16831
List the prime factors of 1311.
3, 19, 23
What are the prime factors of 1125?
3, 5
What are the prime factors of 767?
13, 59
List the prime factors of 984.
2, 3, 41
List the prime factors of 555.
3, 5, 37
List the prime factors of 20123.
20123
List the prime factors of 65348.
2, 17, 31
List the prime factors of 53047.
53047
List the prime factors of 857.
857
What are the prime factors of 9425?
5, 13, 29
What are the prime factors of 5606?
2, 2803
What are the prime factors of 71472?
2, 3, 1489
List the prime factors of 1038.
2, 3, 173
What are the prime factors of 5